 3)?
3
Suppose -9 = -3*u, -4*b - 4*u + 200 = -212. What is the hundreds digit of b?
1
Let i(z) = z**2 + 5*z + 5. What is the tens digit of i(-6)?
1
What is the tens digit of 2/(-8) - 217/(-4)?
5
Suppose 918 = -17*x + 20*x. What is the tens digit of x?
0
Let g be (-7)/2*2 - -1. Let f(y) be the first derivative of -y**3/3 - 7*y**2/2 + 2*y + 2. What is the units digit of f(g)?
8
Let d be ((-2)/4)/(9/198). Let m(a) = a**3 + 11*a**2 - 2*a + 5. What is the tens digit of m(d)?
2
Suppose 4*j - 345 = -j. What is the units digit of j?
9
Suppose -6 = 2*h - 8. Let q(k) = -2 + 4*k**2 + 1 + 2*k + k**2. What is the units digit of q(h)?
6
Suppose 12 = -2*t + 5*t. Suppose 0 = t*x - 5*a - 106, -4*x + a + 94 = 2*a. What is the units digit of x?
4
Let w be (-1)/(-4)*4 + 15. Suppose -2*c = 2*l - 9 + 1, c = -4*l + w. What is the units digit of l?
4
Suppose 0 = 7*y - 6*y - 37. What is the units digit of y?
7
Let q(n) = n**3 - 4*n**2 + n. What is the units digit of q(4)?
4
Suppose -3*x + l = 140 - 59, 2*l - 136 = 5*x. Let b = x + 17. Let t = -4 - b. What is the units digit of t?
5
Let q(m) = 12*m**2 + 2*m + 4. What is the tens digit of q(-4)?
8
Let d(k) = 2*k + 1. Let i be d(-1). What is the units digit of 2*(i - 0) - -6?
4
Suppose -p + 2 = p. What is the units digit of -2 - (-35)/p - 2?
1
Let m = 176 + -107. What is the units digit of m?
9
Suppose 0 = -4*x + 5*p + 23, 0 = x + 3*p - 4 + 11. Suppose 5*q - 2*q + 3*y - 75 = 0, x*q + 5*y - 50 = 0. What is the tens digit of q?
2
Let w = 0 - 3. What is the tens digit of (w/6)/(5/(-180))?
1
Let z(m) = m**2 + 7*m + 8. Let l be (-6)/21 - (-80)/(-14). Let i be z(l). What is the units digit of i/4*2 - -1?
2
Let f(r) = r**2 - 8*r + 13. What is the units digit of f(8)?
3
Suppose -4 + 0 = 2*l + d, 3*l - 12 = 3*d. Let t = l - -1. What is the units digit of -3*t*4/(-4)?
3
Suppose 3*u = -48 - 36. Let a = u + 40. What is the tens digit of a?
1
Suppose s = 5*s + 4. Let b be (-1)/(s/(-11)) + 0. Let x = b + 18. What is the units digit of x?
7
Let r = 20 - 14. What is the units digit of r?
6
Suppose -f + w - 4 = 0, -f - 6 = -2*w - 0. What is the units digit of -5 - -8 - f*11?
5
Suppose 3*g - 112 = -g. Let s = g - 5. Suppose -4*y = -5*b - s, -y + 4*b = -12 - 2. What is the units digit of y?
2
Let d = 7 - 4. Let v = d + 2. What is the units digit of v?
5
Let d(o) = -o**3 + o**2 + 2*o + 10. What is the units digit of d(0)?
0
Suppose 0 = -2*z - 2*z + 176. What is the units digit of z?
4
Let a(r) = r**3 + 6*r**2 - 5*r. Let g be a(-6). Let y be (-4)/(-10) + (-102)/g. What is the tens digit of ((-58)/(-2) + y)/2?
1
Let y(h) = h**2 + 10*h - 10. Let j(k) = -3*k + 3. Let n(t) = t**2 - 6*t + 7. Let x be n(5). Let f(v) = x*y(v) + 7*j(v). What is the units digit of f(1)?
2
Suppose 0 = 3*m + 9, 5*z - 2*z - 2*m = 783. What is the hundreds digit of z?
2
What is the tens digit of ((-1917)/4)/9*16/(-6)?
4
Let q = -2 - -4. Suppose 11 = q*t - 7. What is the units digit of t?
9
Let n(h) = h**2 - 22*h - 33. What is the units digit of n(25)?
2
Let m(p) = p**3 + 23*p**2 - 33*p + 46. What is the tens digit of m(-24)?
6
Let b(v) = -v**3 - 5*v**2 - 3*v + 4. Let m be b(-4). Suppose -3*o + 5 - 2 = m. What is the units digit of o - 0 - 24/(-2)?
3
Suppose -2*q = q - 240. What is the units digit of q?
0
Let t = -111 + 297. What is the hundreds digit of t?
1
What is the tens digit of 24/4 + 0 + 48?
5
Let u = -6 + 8. Let x(s) = 7*s - 7. Let m be x(7). Suppose -t = u*t - m. What is the tens digit of t?
1
Let z = 17 + -10. What is the units digit of z?
7
What is the tens digit of 107 - (-4 + 1 + (-4 - -3))?
1
Let k(f) = -1 - 3 - f + 4 + 9. What is the units digit of k(-9)?
8
Let d be 2/(-3)*6 - 3. Let m(n) = 2*n**2 + 12*n + 10. What is the units digit of m(d)?
4
Let p(f) = -f**3 + 7*f**2 - f + 1. Let s be p(5). Let k(i) = 3*i**2 + 2*i. Let h be k(3). Let x = s - h. What is the tens digit of x?
1
Suppose 3*b + 2*c = 144, -2*b - 2*b + 3*c + 209 = 0. Suppose 2*w = -3*w + b. Let i = w - 6. What is the units digit of i?
4
Let w(m) = -m**3 - 8*m**2 - 9*m - 4. Let k be w(-7). Suppose 2 - k = -q. Suppose 4*z = 4*o + q, -z + 3*o - 4 = -o. What is the units digit of z?
4
Let x be (-11)/(-2) + (-6)/(-12). What is the tens digit of -8*(x/(-3) - 0)?
1
Let a = 60 + -65. Let x = 28 + -13. Let l = x + a. What is the units digit of l?
0
Suppose -13*o + 15*o - 430 = r, 4*o - 852 = 4*r. What is the tens digit of o?
1
What is the tens digit of (-457)/(-9) - (-50)/225?
5
Suppose 58 + 63 = a. What is the tens digit of a?
2
Let g be (14/5)/((-1)/(-5)). Suppose t + g - 52 = -5*a, 4*a - 38 = 3*t. What is the units digit of a?
8
Let i(z) = z**2 + 12*z + 22. What is the units digit of i(-12)?
2
Let g(p) = p**2. Let w be 6/3 + 10 + 2. Let o be (-36)/(-21) + 4/w. What is the units digit of g(o)?
4
Suppose g - 86 + 17 = 0. What is the tens digit of g?
6
Let j = 13 + -19. What is the tens digit of (-40)/(-3)*(-9)/j?
2
Suppose 5*o = -8 + 803. What is the hundreds digit of o?
1
Suppose -n - 264 = -2*y, 3*y - 5*n + 77 - 466 = 0. What is the tens digit of y?
3
Suppose 5*b - 34 - 31 = 0. Suppose n = -4, -4*l = -3*n - 34 + 10. Suppose 5*m - b = -4*k, -m = -l*k - 6*m + 6. What is the units digit of k?
7
Let q be (-1*1)/((-2)/72). Suppose -y - 2*b = -0 - 3, 0 = -5*y + 5*b + 15. Suppose y*l = -9 + q. What is the units digit of l?
9
Let d(h) = h - 1. Let j(g) = -g**2 - 5*g - 2. Let y be j(-4). Let p be d(y). Let v = p + 0. What is the units digit of v?
1
Suppose 1 + 17 = 3*y + 3*s, -4*y = -4*s - 24. Suppose 0 = -2*c + c + y. Suppose 2*h + 60 = c*h. What is the units digit of h?
5
Let p be (-2)/2 + 2/(-2). Let t = -3 - p. Let c = 0 - t. What is the units digit of c?
1
Suppose 4*p - 8 = -0*p. Suppose 8 - 2 = -p*n. What is the units digit of (-1 - -3) + (-3)/n?
3
Let s(a) = -a + 1. Let m be s(4). What is the units digit of (-9)/6*94/m?
7
Let j(h) = 7*h + 20. What is the tens digit of j(5)?
5
Suppose 2*x - 11 = 2*h + 17, -5*x = h - 64. Suppose a = -2*f - 6, 2*a + 0*f + 5*f + x = 0. Let w = a - -16. What is the tens digit of w?
1
Suppose -3*x + 76 + 23 = 0. What is the tens digit of x?
3
Suppose 3*g - 66 = -3*k - g, -3*g = -5*k + 81. What is the units digit of k?
8
What is the tens digit of 7*(-10 - -4)*-2?
8
Let y = 6 - 3. Suppose -2*w = -3 - 1. Suppose y*f - 22 = 4*q, -w*f + 22 = 3*f - 3*q. What is the units digit of f?
2
Suppose 2*c + 2*x - 10 = 0, -3*c - 5 = -2*x + x. Let z = c - -9. Suppose p + 7 = -2*r, 0*p - 5*p = -r - z. What is the units digit of p?
1
Suppose -29 = -z - 2*n + 3*n, z + 2*n - 23 = 0. What is the units digit of z?
7
Let s = -37 - -65. What is the units digit of s?
8
Suppose 0 = h - f - 0*f - 12, -2*f - 3 = h. Let t = h - 5. What is the units digit of t?
2
Suppose 0 = -4*n - 4 - 0, -4*x = 4*n - 20. Suppose -x*j + 110 = -j. What is the tens digit of j?
2
Let i = -7 + 9. Suppose -i*j = j - 63. What is the units digit of j?
1
Let d(r) = -13*r - 9. What is the hundreds digit of d(-11)?
1
What is the tens digit of (-474)/(-10) + (32/(-10))/8?
4
Suppose 3*d + 2*n = 0, 2*d - 4*d - 5 = 3*n. What is the units digit of 9 + 0 + d/(-2)?
8
Let j(y) be the first derivative of y**2/2 + y + 2. Let q(f) = -f - 1. Let o(g) = -j(g) - 2*q(g). What is the units digit of o(1)?
2
Let y = 36 + -26. Suppose n = 2*l + 61, 0 = -4*l + 3*l + 5*n - 35. What is the units digit of ((-8)/y)/(4/l)?
6
What is the tens digit of 22 + 5 + -2 - 4?
2
Suppose -4*i - 145 + 588 = 5*v, -5*i - 2*v + 575 = 0. What is the units digit of i?
7
Let f(j) = -3 + j + 5 - 3 + 2. Let z be f(-1). Suppose -u + 3*k - 3 = -2, z = 4*u + 4*k - 60. What is the tens digit of u?
1
Let i be (3 - (3 + 0))/(-2). Suppose i*u = -u + 3*d - 4, 5*d + 4 = 3*u. Suppose -3*n = -u*n + 75. What is the units digit of n?
5
What is the units digit of 3/(-9)*1*-6?
2
Suppose 4*c = 4 + 12. Let a be (-2 - c)/(-3) - -1. Suppose 3*u = -15, 4*x - 31 = a*u - 4*u. What is the units digit of x?
9
Let q(m) = -m**2 - 5*m - 3. Let i be q(-3). What is the units digit of 7 + (i - (-2)/(-1))?
8
Let w(i) = i - 4. Let b be w(7). Let r be 1/b - 8/6. Let o(a) = -15*a + 1. What is the units digit of o(r)?
6
Let q(k) be the second derivative of 0 + 2*k - 1/2*k**3 - 3*k**2 - 1/3*k**4 + 1/20*k**5. What is the units digit of q(5)?
4
Let h = -11 - -8. Let r = 1 - h. What is the units digit of r?
